0*o - 16. What is the units digit of (v/(-6))/(o/6)?
7
Let b be (1 - (-2 - 0))*1. Suppose b*c = 2*c + 16. What is the units digit of c?
6
Let v = 4 - 4. Suppose 2*u - 5*d = 8, 4*d + 12 = -v*u + 2*u. What is the tens digit of u?
1
Suppose -3*u = 5 - 2. What is the units digit of 35 - (3/u - -2)?
6
What is the tens digit of (-3 - -5)*(-266)/(-4)?
3
Let a(w) = 3*w - 12. What is the units digit of a(6)?
6
Suppose -i - 1 + 5 = 0. Let u = 0 + i. What is the units digit of u?
4
Let q be 16/(-2)*(4 + -5). Suppose -2*d - 3*w = -19, -4*d + q*d - 37 = -5*w. What is the units digit of d?
8
Let q(t) = t + 1. Let p = 2 + 6. What is the units digit of q(p)?
9
Let b(d) = d - 2. Let p be b(5). Suppose 6*h = p*h + 12. What is the units digit of h?
4
Let n = 1 - 1. Suppose 0 = 3*l - n*l + 3. Let a = 9 + l. What is the units digit of a?
8
Let b(m) = 1 - 10*m + 4 - 4. Let y be -2*2/(-4) + -2. What is the units digit of b(y)?
1
Let s(n) be the first derivative of -3*n**2/2 - 3*n - 5. What is the units digit of s(-5)?
2
Let d(q) = 2*q**2 + q - 2. Let p be d(-2). Suppose p*b + 2*h + 0 = 26, 3*b - 5*h - 52 = 0. What is the units digit of b?
9
Let u be (5/2 - 2)*-2. Let y be 7/(-4)*(-5 - u). Let j = y + 3. What is the units digit of j?
0
Suppose 0 = f + 3*f. Suppose -5*q + 66 + 29 = f. What is the units digit of q?
9
Let b be (-10)/(0 + (-1)/(-3)). What is the tens digit of -4 - -3 - b - 4?
2
Let o = 6 - 4. Suppose -o*r + 33 = r. What is the units digit of r?
1
Let q = 282 - 162. What is the tens digit of (-6)/5*q/(-4)?
3
Let l(j) = -j**2 + 8*j + 9. Let u be l(8). Let y = -2 - -2. Suppose y*g + u = 3*g. What is the units digit of g?
3
What is the units digit of ((-164)/(-12))/((-2)/(-6))?
1
What is the hundreds digit of 4 - 3425/(-15) - 2/(-3)?
2
Let s be 8 - (2 - 2 - 2). Let j be (-12)/(-2)*9/18. Suppose s = j*r + 1. What is the units digit of r?
3
Suppose -2 = -2*z + 12. Let w = z - 7. Suppose w = -0*g - g + 4. What is the units digit of g?
4
Suppose 0 = 4*o - 16, -3*o + 2*o + 8 = x. Suppose x*r + 9 = r. Let j(y) = 2*y**2 + 2*y + 2. What is the tens digit of j(r)?
1
Suppose -3*n = 6*n - 531. What is the units digit of n?
9
Suppose 0 = n - w - 4, 3*n + 4 = 2*w - 3*w. What is the units digit of (-1)/(n - (-3)/(-6))?
2
Suppose -2*l - 4 = 4. Let h be 3/(-1)*l/(-6). What is the units digit of h + 1/1 + 2?
1
Suppose -17 = -4*b + 3. Suppose -4*c + c - b*r + 4 = 0, 0 = -5*r - 5. What is the units digit of c?
3
Let w = 136 - 36. What is the units digit of 2 + w/4 + 1?
8
Suppose -4*d - 159 = -7*d. What is the tens digit of d?
5
Let x(j) = 12*j - 27. What is the tens digit of x(13)?
2
Suppose -2*l = -7*l. Suppose l = -2*w + 3*p - 4, 4*w + 0*w = -p - 22. Let m(n) = -2*n - 6. What is the units digit of m(w)?
4
Let c be (-1)/1*4/(-2). Suppose 4 = 4*t + 4*m, -t + 4*m + c = t. What is the units digit of t/(-3) + (-88)/(-12)?
7
Let d be ((-3)/(-2))/((-1)/(-10)). Suppose y = 3, 21 + d = 3*l - y. Suppose 2*q - 3*x = l, 5*x - 1 - 4 = 0. What is the units digit of q?
8
Let c(v) = -v**2 - 10*v + 10. Let m = -25 - -16. What is the tens digit of c(m)?
1
Let p(x) = -x**3 + x + 32. What is the units digit of p(0)?
2
Suppose -4*t = 10 - 26, -3*t + 4 = -4*u. Suppose -1 + 7 = u*m, 4*m + 20 = 4*o. What is the units digit of o?
8
Let p = -31 - -182. What is the tens digit of p?
5
Let d(y) = y**3 + 2*y**2 - 2*y + 3. Let t be d(-3). Let i be (t - 1 - -1)*1. Suppose q + 2*q - 9 = i, -h + 22 = 5*q. What is the units digit of h?
7
Suppose -4*q + 22 = -34. Suppose 2 = -4*r + q. What is the units digit of r?
3
Let h(f) = f**3 + f**2 + f - 1. Suppose -4*b + 5*g - 10 = b, -3*b + 29 = 4*g. What is the units digit of h(b)?
8
Suppose -2*l - 10 = -0*l. Let m(p) = p**3 + 8*p**2 + 2*p + 9. Let w be m(-8). Let t = l - w. What is the units digit of t?
2
Let a(u) = u + 1. Let l be a(-1). Suppose g - 4*g - 45 = l. What is the units digit of ((-4)/5)/(6/g)?
2
Let o(c) = c + 5. Let f be o(0). Suppose 5*l + 7 = -g, -2*g - 5*l = g + 1. Suppose -5*k + 6*a + 17 = g*a, f*a = 5*k - 15. What is the units digit of k?
4
Let c(v) = -18*v + 2. Let n be c(-2). Suppose -6*h + n = -10. What is the units digit of h?
8
Let y(j) = j**2 - 13*j - 11. What is the units digit of y(16)?
7
Let h be ((0/1)/(-3))/(-2). Let m(z) = z + h + 0. What is the units digit of m(5)?
5
Let w(j) = j**3 + 2*j**2 - 3*j. Let h(d) = -d**2 + d. Let b(l) = 2*h(l) + w(l). What is the units digit of b(2)?
6
Suppose 0 = -3*r + 6, r - 5 = -a + 13. Let o = a + -6. What is the tens digit of o?
1
What is the units digit of (-8)/(-8) - -53*3?
0
Let p be (-4 + 33 + 1)/1. What is the units digit of ((-15)/p)/((-2)/140)?
5
Suppose 7*g - 258 = 2*g - 3*r, -r = -1. What is the units digit of g?
1
Suppose -41*c = -40*c - 233. What is the tens digit of c?
3
Let v(d) = -d**2 + 15*d - 16. Let b(o) = o - 1. Let n(x) = 6*b(x) - v(x). Let j be n(7). What is the units digit of ((-30)/j)/(2/4)?
5
Let i(y) = -8*y**2 + 4*y + 4*y**3 - 17 - 3*y**3 + 8*y. What is the units digit of i(7)?
8
What is the tens digit of 3/((-3)/(-4)) + 30?
3
Let q(a) = -a**3 + 3*a**2 - 2*a. Let y be q(2). Suppose -6*v = -2*v - 4. Suppose 3*c = 9, 4*m - c = -y + v. What is the units digit of m?
1
Suppose 2*d - 589 = -3*u, u - d - 574 = -2*u. What is the units digit of u?
3
Suppose 12 = -3*g, -f + 5*f + 2*g - 12 = 0. Let j(m) = -2*m**2 - 4*m - 4 + 7*m**2 - m**2 - 3*m**2. What is the units digit of j(f)?
1
Let o = 76 + -32. What is the tens digit of o?
4
Suppose 55*s = 59*s - 252. What is the tens digit of s?
6
Let o(f) = -f**3 - 17*f**2 - 3*f - 9. What is the tens digit of o(-17)?
4
What is the tens digit of 795/13 + (-2)/13?
6
Let k = 5 - 10. Let v(l) = -l**3 + l**2 - 2. Let u be v(0). Let p = u - k. What is the units digit of p?
3
Suppose 18 = -3*j + 3, 4*o - j = 13. Suppose 2*g - o - 4 = 2*p, p + 5 = 3*g. Suppose -2*v = g - 3. What is the units digit of v?
1
Let t(h) = -4*h + 70. What is the tens digit of t(13)?
1
Let x(a) = 12*a - 2. Let s(v) = -23*v + 3. Let y(n) = 4*s(n) + 7*x(n). What is the units digit of y(-4)?
0
Let n(z) = 3*z**2 - 3*z + 3. What is the tens digit of n(5)?
6
Suppose 2*z + 31 = -3*i, 3*z + 69 = -i + 26. Let m = z - -22. What is the units digit of m?
8
Let l(h) = h**3 + 4*h**2 + h + 1. Suppose 2*i + 21 = -2*i - 5*p, 0 = -3*i - 4*p - 16. Let j be l(i). What is the units digit of (10 - -2)/(j/(-2))?
8
Let k(u) = -u**3 - u**2 - 5*u - 1. What is the units digit of k(-5)?
4
Let a(r) = r**3 + 33*r**2 - 37*r + 51. What is the tens digit of a(-34)?
5
Let d(z) = 2*z**3 - 3*z**2 + 11. What is the hundreds digit of d(5)?
1
Suppose 0 = -8*f + 1740 - 604. What is the hundreds digit of f?
1
Let z = -122 - -23. What is the units digit of (-6)/(-8) - z/12?
9
Let p = 120 - -225. What is the units digit of p?
5
Suppose 19*g - 16*g - 366 = 0. What is the tens digit of g?
2
Suppose p - 4 = -0*p + v, 4*p = 2*v + 14. Let j = p - 4. Let f = 4 + j. What is the units digit of f?
3
Let g(w) = 5*w - 3. Let t be g(2). Suppose -b + 3*s = -t, -3*b - 3*s + 0*s = -9. What is the units digit of b?
4
Let a = 12 + -14. Let b be (-122)/(-14) - (-6)/21. Let h = a + b. What is the units digit of h?
7
Suppose -231 = -5*r + 3*y, -38 = -3*r + 5*y + 91. What is the tens digit of r?
4
Let h(y) = -y**2 - y - 1. Let g be h(-2). Let m = 7 + g. What is the tens digit of m/(8/42) + 1?
2
Suppose 4*s = 3*s + 36. What is the units digit of 5/(-10)*s/(-3)?
6
Suppose 5*d + 17 + 0 = -k, -2*d = -2*k + 14. Let h be (-1 + 13/k)*6. Suppose 5*t + h = 120. What is the units digit of t?
0
Let z be (1 - 2) + (-1 - -7). Suppose z*j - 84 = 141. What is the tens digit of j?
4
Let y = 25 + -37. What is the units digit of -3*(-3 + y/9)?
3
Let i(r) = -r**2 + 9*r - 6. What is the units digit of i(8)?
2
Let c be (-246)/4 - (-12)/8. Let b be (-2)/7 + c/(-14). Let a = -1 + b. What is the units digit of a?
3
Let u(v) = v**2 + 5*v + 3. Let w be u(-8). Suppose 0*k - w = -k. What is the units digit of k?
7
Let c = 6 - 3. Suppose -2*z = -c*j + j - 2, 2*z + 10 = -j. What is the units digit of (-9 - -3)/(6/j)?
4
Suppose 0 = x + 2*x - l - 144, 0 = 5*l. What is the units digit of x?
8
What is the units digit of ((-69)/4)/(24/(-64))?
6
Suppose -185 = 2*w - 7*w. What is the units digit of w?
7
What is the tens digit of 10/5*(-31)/(-2)?
3
Let s be (2 + -11)/((-6)/(